4
-6
What is (-3 - -1) + -9 - (-69 - (-6 - 54))?
-2
24 - 28 - (0 - -2) - -16
10
Calculate 1 - (-2 + 2) - (-1 + 2).
0
Evaluate -7 - (7 - (7 + (4 - 7))).
-10
What is the value of 2 - (9 + (6 - 9)) - 0?
-4
Evaluate -12 + -8 + 4 + 23.
7
Calculate (-7 - (14 + -35)) + -5.
9
4 + -9 + -5 + 8
-2
Calculate 7 + (-37 + 15 - (3 - -3)).
-21
What is the value of 1 - (13 + 1) - (170 + -204)?
21
What is -1 - -16 - (6 + -1) - -11?
21
What is (15 - 5) + 6 + -14 + 5?
7
-27 + 12 - (-3 + -18)
6
Calculate (-12 - -20) + 1 + -1 + 3.
11
What is (-40 - (-52 - -27)) + (0 - (1 - 3))?
-13
55 - (19 + (22 - 8))
22
What is (11 - 6) + -18 - (-23 + 0)?
10
Calculate (2 + -1 - -1) + (-36 + -22 - -26).
-30
(-21 - -9) + (1 - -1)
-10
Calculate (-8 - (-1 - -2)) + 11.
2
Calculate 5 - (19 + -6) - (0 - 0).
-8
6 - (-22 - (-19 - -4))
13
What is 33 + -42 - (-29 + -4 - 3)?
27
-6 + (-2 - 5 - (12 + -27))
2
What is the value of (-6 - -22) + -8 - 6 - 2?
0
Calculate (899 - 954) + 47 + -1.
-9
-1 + -18 - (22 + -54 - -24)
-11
What is the value of 3 - 0 - (11 + 3 + -8 + 7)?
-10
Calculate (-7 - 2) + ((19 - 14) + 6 - 15).
-13
Evaluate -467 + 399 + (0 - -39).
-29
What is (9 - 8) + -82 + 67?
-14
What is the value of -1 - ((53 - -4) + -32)?
-26
What is the value of (-24 - -12 - -11) + -3 + (-5 - -3)?
-6
12 - 19 - -8 - -3
4
-7 + -9 + 13 + (-4 - 1 - 1)
-9
Calculate (-12 + 2 + 2 - -13) + -20.
-15
(2 - -4) + 6 + -24
-12
Calculate 7 + -9 - (-7 + -3 + 4).
4
What is the value of (-5 + 10 - 11) + 11 + -3?
2
What is the value of (1 - -1) + -3 - (-60 - -63) - 0?
-4
Calculate (-44 - -4) + -202 + 215.
-27
-23 - (3 + -23 + 17 + -7 + 5)
-18
What is the value of (29 + -23 - (6 - 2) - 10) + -7?
-15
Calculate (-20 - -33) + -11 + -19.
-17
What is -2 + 51 - 32 - (-1 - -14)?
4
What is the value of 15 - (6 + 4 + -12 + 3 + 0)?
14
18 - (-30 - ((29 - 16) + -28))
33
Evaluate (-3 + (-6 - -12) - (-28 + 16)) + -10.
5
Calculate 3 + (-8 - -7) - (0 - 3).
5
Calculate 173 + -171 - (0 + -2 + -2).
6
Evaluate -39 - -39 - (-10 + 3).
7
What is the value of (-1 - 9) + (14 - 1) + (-231 - -218)?
-10
What is the value of 10 + 8 + -21 - -1 - 18?
-20
Calculate -4 - (-2 + -2 - -6) - -3.
-3
Evaluate -8 - (-14 + 15 - (3 - 3 - 4)).
-13
What is -8 - (-4 + -2 + -5) - -13?
16
Calculate 30 - 15 - (1 + 2).
12
Evaluate 18 + -44 + 28 + 2 + -1 + 17.
20
What is 2 + (1 + 3 - (7 - (-9 - -17)))?
7
Evaluate -1 + (1 - (-10 + 10 + 15)).
-15
-12 + 0 - (-33 + 14 + 6)
1
Calculate -4 + -12 + 5 - (2 - 14).
1
What is 4 + -7 + 24 + -1 + (-80 - -75)?
15
What is -3 - -3 - (2 + (6 - -10) + -4)?
-14
What is the value of (-12 - (-4 - 6)) + 5 + -2?
1
Evaluate -6 + -2 - ((-2 - (25 + -2)) + 2).
15
What is the value of -27 + 43 + -24 + -8?
-16
Evaluate 6 + -19 + 3 + 8.
-2
What is 487 + -496 - (-1 - (16 - -2))?
10
Calculate 21 + -48 + 6 + 11.
-10
30 - (-2 + 3 + (-28 - -34))
23
What is (45 - 25 - -7) + -31?
-4
What is 6 + -16 - (11 - 12)?
-9
(-17 - 3) + 4 - -3
-13
Calculate 594 + -610 - ((0 - 2) + 6).
-20
What is (-12 - (4 - 15) - -14) + -2?
11
What is the value of (20 + -10 - 26) + 8?
-8
What is the value of -5 - (24 + -24 + 12)?
-17
What is 0 + -16 + (6 - (4 + -3))?
-11
Calculate (2 + -9 - 4) + -6 + 6 + -8.
-19
What is 38 + -22 - 1 - (3 + -9)?
21
What is 1 + -17 + 32 + -5?
11
What is the value of 1 + ((3 - 8) + 3 - 4) - -9?
4
What is the value of (15 + 0 - 29) + (-15 - -3)?
-26
Evaluate 17 - (-11 - (4 - 47)).
-15
Calculate (-51 - -25) + (16 - -3).
-7
Calculate (-3 - 1 - ((-2 - 6) + 2)) + 3.
5
Calculate -7 - ((-5 - -13) + -14).
-1
What is -4 + (-8 - 4 - -10) - -6?
0
Calculate -86 + 80 - (-2 - 0 - 13).
9
What is (43 - 32) + (2 - 0) + -30?
-17
10 + -5 - (-262 + 240)
27
What is (-10 - -2) + 15 + -26 + 6 + -6?
-19
What is the value of -10 - ((-2 - -8) + (-12 - -5))?
-9
What is -13 - -13 - -21 - 18?
3
What is the value of (0 - (24 + -10) - -20) + 25 + 1?
32
What is the value of 0 - ((-27 - 13) + 17)?
23
What is 11 + 0 - (0 + 6) - (-4 - 1)?
10
Calculate (-463 - -466) + 15 + 1.
19
What is the value of -12 + 14 + 1 + -13 + 5 - -26?
21
Evaluate 8 + -1 - ((-18 - -8) + (0 - 2)).
19
Evaluate (187 - 179) + (0 - 1 - -9).
16
What is the value of -7 + -1 - (-2 + (-3 - (-1 + 1)))?
-3
Evaluate -1 - -13 - (121 + -74 + -48).
13
-31 + 24 + -2 + (2 - -5)
-2
Calculate 8 + (-4 - (2 - 14)).
16
What is the value of -25 + 30 - (-3 + (10 - -1))?
-3
7 - (12 + -5) - (1 - -7)
-8
What is the value of -10 + 17 + 2 + -20 + 0?
-11
-25 - (-37 + 12 + 7)
-7
Calculate -4 + (4 - (-5 - -11)) + (-1 - 4).
-11
5 - ((32 - 0) + (-27 - -16))
-16
Evaluate -6 - (4 - 59 - (1 + -6)) - 7.
37
Evaluate -2 + -9 + 14 + 15.
18
What is 4 + -5 + -10 + 14?
3
Evaluate 10 - (14 - 2) - -3 - -22.
23
Evaluate 19 - (20 + (-8 - -7)).
0
What is the value of 5 + 0 - (-48 + 50) - 0?
3
Evaluate 2 + 1 - 10 - (-13 - -7).
-1
287 + -243 + (-1 - 32)
11
What is the value of (-23 - -32) + -1 + 14 + -4?
18
What is 23 - (8 + 22 + -23)?
16
What is the value of (-13 - -17) + -10 + 14?
8
12 + (9 - 25 - 7) + -1 + 31
19
What is (66 - 59) + (-3 + 1 - (0 - 5))?
10
2 + (-3 - (-7 - (-5 + -8)))
-7
-12 - (-6 - -5 - (-27 + 20))
-18
Calculate 22 - (31 + -10) - -13.
14
Calculate 19 + -3 + -10 + (1 - 17).
-10
What is 12 - (-4 + (21 - (-6 + -2 + 17)))?
4
What is 3 + -1 + (-1 - -2 - (20 - 24))?
7
Calculate (-12 - (8 + -22)) + (5 - 16).
-9
Evaluate -10 + 11 + -14 - -13.
0
What is -1 + 3 + (-4 - 1) + 12?
9
What is (-16 + 8 + -3 - 1) + 7?
-5
3 + (-45 - -50 - (17 - (-1 - -3)))
-7
-15 - (3 + 2 + -9 + (4 - 5))
-10
What is (-1 - -10 - 4) + (-3 - (-2 + 7))?
-3
Calculate 12 + -4 + -15 + 6 - -10 - -11.
20
What is the value of 19 - (-21 + 38 + -17)?
19
What is the value of 7 - (3 + (-4 - (-6 + -2 + 6)))?
6
What is the value of (10 - (11 - -1)) + (5 - -3)?
6
What is the value of 0 + 1 + 1 + -7 + -870 + 887?
12
What is the value of 4 + (9 - -6 - 33)?
-14
What is the value of -2 - 2 - (49 - 59)?
6
Calculate (27 - (3 - (-24 - -8))) + 5 + -1.
12
19 - 54 - -8 - (-3 - 3 - -2)
-23
-1 + -9 + -3 + 12
-1
Calculate -8 + -11 + 22 + -1.
2
What is (-7 - -11) + 0 + -4 + 1?
1
What is 38 - -14 - 19 - 57?
-24
What is 39 - (-22 + 18 + 27)?
16
Calculate 7 - (23 + -15 + -12).
11
-18 + (41 + -36 - (1 - -4)) - -9
-9
What is the value of 29 + (-12 - (-12 - -20))?
9
-9 + 1 - (-28 + 9)
11
What is the value of (7 - 7) + (7 - -3)?
10
What is the value of -12 - (-1 + (0 - (4 - -4))) - -16?
13
Calculate -7 + -3 + 13 + 0 + -21 + 41.
23
What is the value of 23 - (2 - 5 - (-50 + 51))?
27
Calculate 2730 - 2722 - (0 - (0 - -10)).
18
18 - 7 - 4 - (0 - 7) - -1
15
Calculate 6 + (-10 - -19) + -30.
-15
What is the value of (-3 - -86) + (-648 - -603)?
38
What is the value of -3 - (6 + -10 - (1 + 5))?
7
What is (-13 - -4 - (4 - 2)) + (-22 - -15)?
-18
What is the value of 3 + -9 + 4 - (-7 - 23)?
28
Calculate -25 - (-18 + (-12 - -17)) - -1.
-11
What is 1 + -9 + 5 + -8 - -8?
-3
-10 + -24 + 2 + 11
-21
Evaluate 1 + -2 + (126 - 124) - -25.
26
Calculate -37 + (-2 - 4) + 28.
-15
3 + -18 + -7 + 16 + -7
-13
(-1 - (10 + -1)) + 9
-1
(24 - 8 - 29) + -3
-16
Calculate -365 + 365 + -3 + -2 + 1.
-4
Calculate (-117 - -125) + 0 + (3 + -25 - -3).
-11
Evaluate -71 + 88 + (-49 - -7).
-25
What is the value of -9 + (17 - 8) - 13?
-13
What is 10 - (56 - 0 - (-76 - -93))?
-29
Evaluate (-11 + 13 - (2 - 2) - 1) + -8.
-7
Calculate -25 - ((-11 - -7) + 1 - 2) - 2.
-22
-2 + 5 + 2 + -13 - (-1 + 3)
-10
32 - 40 - (-22 - ((-4 - -5) + -3))
12
Evaluate -13 + 6 + (18 - 1).
10
13 + (1 - (0 + (-3 - -1)))
16
21 + -2 - (14 + -33)
38
What is the value of 14 + -26 + 2 + (1 - -19)?
10
Evaluate 4 + (-11 - -5) - (17 + -17).
-2
What is 12 + 13 + -1 + -20 + (28 - 22)?
10
Evaluate (-1 - -2) + (-8 - (11 - 13)).
-5
Evaluate 42 + 25 + (7 - 41).
33
What is -10 - ((-1 - 1) + -2 - (21 + -28))?
-13
Calculate -22 - (6 + -3 + -6).
-19
7 + -10 + (6 - 16) + 16
3
Calculate -30 + (2 - -20) + (-2 - -43).
33
What is 39 + -28 - (4 + -8 + 7)?
8
What is the value of (2 - (-1 - (-2 + -6))) + 8?
3
Evaluate -9 - -18 - (-2 - 0 - (-2 - -4)).
13
Calculate -8 + (-8 - ((1 - 32) + 2)).
13
What is the value of 8 + (1 - 5) - (0 - (14 - 2))?
16
What is 11 - (3 - (-8 + -3) - -3)?
-6
Evaluate 18 + -37 - -12 - -8.
1
What is the value of 4 + 13 + 3 + -1 + -1?
18
Calculate -24 + (12 + (-19 - -8) - -14).
-9
What is -1 + 2 - (-5 + -22 + 21)?
7
Evaluate (12 + (-14 - 12) - -19) + (-2 - 25).
-22
What is -4 + (4 - (